+ 4*r - 7 - 6 = 0, x + 5*r = 21. Let f be (-6)/x*(-80)/30. Suppose -204 + 12 = -3*n. What is the highest common divisor of n and f?
16
Let k be 2/(-6) + 1280/96. Calculate the greatest common factor of 1391 and k.
13
Let h = -6 + 11. Suppose h*k + 5*v = 3*v, 0 = -5*k + 2*v. Suppose k = -r - 4*r + 30. Calculate the highest common divisor of r and 15.
3
Let g = -166 + 366. Let i = g - 136. Let j = -41 - -57. Calculate the highest common factor of j and i.
16
Suppose -9*m - 4 = 5. Let i be 0/((-10)/2) + (m - -2). Let h = 1 + 3. What is the greatest common divisor of h and i?
1
Let h = 40 - 39. What is the greatest common factor of 3 and h?
1
Let w(p) = p**3 + 6*p**2 - 27*p - 75. Let i be w(-8). What is the greatest common divisor of i and 13?
13
Suppose 9*n - 345 = 222. Calculate the highest common factor of n and 18.
9
Let k = 6 + -37. Let c = k - -41. What is the highest common factor of 110 and c?
10
Let q be (-3 + 20/6)*12. Let m be q/(-18) + 1030/18. Suppose m = v - 15. What is the greatest common divisor of 18 and v?
18
Suppose x = -4*x + 940. Calculate the greatest common divisor of x and 329.
47
Suppose 3*m + 547 = 5*f, -3*m + 441 = 4*f - 2*m. Calculate the highest common divisor of f and 20.
10
Suppose -2*c + 80 = 9*u - 6*u, 0 = -4*c + 2*u + 160. Let v = 5 - -5. What is the greatest common factor of c and v?
10
Let r(w) = 26*w - 340. Let d be r(15). What is the highest common divisor of 50 and d?
50
Let c be (-8)/(-52) + (4 - (-23704)/52). What is the highest common factor of 184 and c?
92
Suppose -g + 167 = 5*n, 16 - 8 = 4*g. What is the greatest common factor of 363 and n?
33
Let q = 36 - 37. Let u be -15*q*((0 - -1) + 0). Calculate the greatest common factor of u and 105.
15
Let g be (-2)/(-4) - 174/(-12). Let k(o) = 5*o - 3*o - 5 + 0*o + o**2 + 3*o. Let x be k(-10). What is the greatest common factor of g and x?
15
Suppose 229 = 3*s + 157. Calculate the greatest common divisor of s and 168.
24
Let n(c) = 4*c**2 + 5*c - 12. Let f be (50/40)/(27/(-12) + 2). Let s be n(f). What is the greatest common factor of 21 and s?
21
Let g be (-1600)/(-24) + 4/(-6). Let c be (-56)/(-9) - 2/9. What is the greatest common factor of g and c?
6
Suppose 28*y = 345 + 999. Calculate the greatest common divisor of y and 42.
6
Let x be (20/(-8) + 3)*-8*2. Let z(l) = l**2 + 10*l + 17. Let n be z(x). Calculate the greatest common divisor of 6 and n.
1
Suppose 3*o - 89 = -2*h, -4*o + 3*h - 150 = -9*o. Let j = 63 + o. Calculate the greatest common factor of j and 24.
24
Let k = -2081 + 2091. What is the highest common factor of 160 and k?
10
Let n(i) = 13*i - 4. Let m be n(4). Let x(r) = -r**3 + 8*r**2 - 7*r + 6. Let g be x(7). Calculate the greatest common factor of g and m.
6
Let m be (-2)/(-3) + (-978)/(-18). Let q(r) = 28*r + 1. Let j be q(-1). Let w be 8/36 + (-291)/j. What is the greatest common factor of w and m?
11
Suppose 5*s - 5*v = 24 + 16, -v + 47 = 4*s. Calculate the greatest common factor of s and 187.
11
Suppose -50*j + 15190 + 4210 = 0. What is the greatest common factor of 97 and j?
97
Let b be (-1 - -14) + (-18)/18. Let u be 3/b - (-45)/12. Suppose -5*h - u*c = 6 - 20, -h + 3*c = 1. What is the greatest common factor of 6 and h?
2
Let r = -809 + 860. Calculate the greatest common divisor of 42 and r.
3
Let q(x) = x + 1. Let y(j) = -3*j - 3. Let n(v) = -4*q(v) - y(v). Let a be n(-2). Let u be a/3 + 29/3. Calculate the highest common factor of 40 and u.
10
Let k be (-2)/28*-32 + 2/(-7). Suppose k*r = 2*q + 12, 2*r + 7*q = 5*q + 24. Calculate the greatest common divisor of r and 81.
9
Suppose p + 24 = 5*s, 3*s + 2*p + 0 - 4 = 0. Suppose -3*m - s*u - 121 = -4*m, m = 5*u + 118. Let o = -15 - -34. What is the highest common factor of o and m?
19
Suppose 0 = -2*i - 0*i + 3*j + 13, 4*j + 20 = 4*i. Let n = 8 - i. What is the highest common factor of n and 42?
6
Let s(k) = -k - 14. Let g be s(-16). Let l be 24/16 - (-9)/g. Suppose -5*w + 0*w = -120. Calculate the greatest common factor of l and w.
6
Let v(c) = c**3 - 11*c**2 - 11*c - 5. Let n be v(12). Let q = 31 - n. Calculate the highest common factor of 168 and q.
24
Suppose -2*k = o - 1, 4*k = 5*o - 0*o - 5. Suppose 2*l = -r - 3, 0*l - 13 = -3*l - 5*r. Let y be 2/l*1*-2. Calculate the highest common factor of o and y.
1
Let n(x) = -77*x - 2. Let f be n(-1). Let k = -66 + f. What is the greatest common divisor of 90 and k?
9
Suppose 2*k + 536 = 5*f, 5*f - 782 = -k - 255. What is the greatest common factor of 1166 and f?
106
Suppose -5*f + 350 = 15*d - 11*d, 5*d - 140 = -2*f. Calculate the highest common divisor of f and 1330.
70
Let a(l) = 2*l**3 - 42*l**2 + 3*l - 33. Let o be a(21). Calculate the greatest common factor of 60 and o.
30
Let h be -3*(2 + (-12)/4). Let y(g) = 14*g + 5 + 0*g**h - 15*g + 2*g**3 - 7*g**2. Let j be y(5). What is the greatest common divisor of j and 25?
25
Suppose 0 = -2*y - 0*y + 104. Suppose 5*p + 2*k = 126, 2*k + 53 = -3*p + 127. Suppose 0*h = -2*h + p. Calculate the greatest common divisor of y and h.
13
Let p(s) = 4*s - 3. Let d be p(6). Let q(c) = 4*c - 33. Let z be q(8). Let k be 3 + 33/((-3)/z). What is the greatest common factor of k and d?
7
Let c(f) = 1. Let w(b) = 2*b - 2. Let x(r) = -6*c(r) - 2*w(r). Let q be x(-3). Calculate the greatest common factor of 50 and q.
10
Let k(i) = 3*i + 5*i - 7*i - 3. Let u be k(-9). Let f be u/(-18) - 116/(-6). What is the greatest common factor of 160 and f?
20
Let d = 11 + -16. Let b be d/(-10) + 14/4. Let q be (-1*1)/(6 - 7). Calculate the highest common divisor of q and b.
1
Let s = 23 - 8. Let r(n) = 3*n**2 + 6*n. Let c be r(5). Calculate the greatest common factor of c and s.
15
Let c(m) = 10*m**3. Let x be c(1). Let y = 37 - -32. Let z be (-1)/(2 - 3) + y. What is the greatest common divisor of x and z?
10
Suppose -6*p + 14 + 52 = 0. Let t be 143 - (p - 5)/(-3). What is the greatest common factor of t and 29?
29
Suppose -w = 2*w - 5*j - 43, 55 = 5*w - 5*j. What is the highest common divisor of w and 6?
6
Let v(x) = 2*x**2 + 12*x + 25. Let f be v(-7). Calculate the highest common divisor of 42 and f.
3
Suppose -3*m + 3*z = -6, 4*m + z - 13 = 2*m. Suppose -84 = -m*h + h. What is the highest common factor of 21 and h?
21
Let x be 2/(((-12)/(-38))/3). Suppose -3*i = -6*i + 915. Suppose 2*r + 3*q = 4*q + 303, -q + i = 2*r. What is the greatest common divisor of x and r?
19
Let s(l) = -5*l + 48. Let d be s(0). What is the highest common divisor of 120 and d?
24
Suppose r - 68 = 4*v, 0*r - 112 = -2*r + 2*v. Calculate the highest common divisor of 1300 and r.
52
Let k(l) = -16*l + 224. Let b be k(10). What is the highest common factor of b and 48?
16
Suppose -15 = 5*k, f - 2*k - 35 = 3*k. What is the highest common factor of 30 and f?
10
Suppose -4*p - 3*w = -21, -4*w = w + 25. Let m(t) = -t**3 + 11*t**2 - 12*t - 18. Let u be m(p). What is the greatest common divisor of u and 4?
4
Let z(o) = o**2 - 8*o + 8. Let q = 80 + 0. Let r be (24/10)/(24/q). Let j be z(r). Calculate the highest common factor of 2 and j.
2
Let r(b) = -400*b**3 + 8*b**2 + 4*b - 2. Let x be r(-1). Calculate the greatest common divisor of x and 268.
134
Suppose 13 = -3*q + 58. Let h(x) = 76*x**2 - 1. Let l be h(1). Let b be l/(1 + 0*(-3)/(-12)). What is the greatest common factor of q and b?
15
Let y = 274 + -202. What is the highest common divisor of y and 108?
36
Let w(z) = 4*z**2 - z**3 - 6*z**2 - 19*z**2 - 42 - 31*z + 12. Let v be w(-20). Calculate the highest common factor of 76 and v.
38
Suppose q - 4 = -4*r, 12 = 5*r + 3*q - 0. Suppose 5*c + 16 - 41 = r. What is the highest common factor of 5 and c?
5
Let p = 288 + -244. Calculate the highest common factor of 4 and p.
4
Suppose -920 = -124*c + 78*c. Let z = -52 - -82. Calculate the greatest common divisor of c and z.
10
Let f(v) = v + 7. Let o be f(3). Suppose -34 = -3*q + 11. What is the highest common factor of q and o?
5
Suppose -1 = -y + p, 0 = -4*y + p + p + 8. What is the greatest common divisor of y and 24?
3
Suppose 3*u + u - 10 = k, -2*k = -2*u + 26. Let n(j) = -24*j**3 + j**2 - j. Let m be n(1). Let l = k - m. What is the highest common divisor of l and 1?
1
Suppose -3*r - 2*m = -60, -r + 5*r + 4*m = 76. Let h = -7 - -20. Let j(s) = 7*s - 3. Let f be j(h). Calculate the greatest common fac